
7, 17
Let n(y) = 15*y**3 - 4*y**2 - 2*y + 4. List the prime factors of n(3).
367
Let s(a) = 2*a**2 - a + 1. Let v be 6/5*(-3 - 2). Let n = v + 4. List the prime factors of s(n).
11
List the prime factors of (-72)/90*(1 - (-91)/(-1)).
2, 3
Suppose -4*j - c = 4*c - 23, 0 = -4*j + 2*c + 2. Suppose 0 = j*w - 6, -w + 52 = 4*m + 1. What are the prime factors of m?
2, 3
Suppose 125 = 9*c - 55. List the prime factors of c.
2, 5
Suppose -8*m = -5*m - 9. Suppose 4*z - 22 = -m*v, z + z = -4*v + 16. List the prime factors of v.
2
Suppose l - 14 = 2*u, 9 = -2*l + u + 40. What are the prime factors of l?
2
Let n(i) = i**2 - 5*i + 7. What are the prime factors of n(7)?
3, 7
Let n be (-1)/(-2)*(3 - 1). Let u = n + 2. What are the prime factors of u?
3
Suppose -2*d + 3*m - 3 = 0, 5*d + m + 16 = -0*d. Let n(t) = 4*t**2 - 3. What are the prime factors of n(d)?
3, 11
Let g(b) = -b**2 + 7*b - 3. Let d be g(6). Let y be ((-18)/(-15))/((-4)/(-10)). Suppose 9 + y = d*c. What are the prime factors of c?
2
Let l(q) = 2*q**3 - q + 1. Let n be l(1). Let p = n + 0. Suppose -p*z = 2*z - 56. What are the prime factors of z?
2, 7
Suppose 0*t = -t + 4*c + 13, 0 = t + 3*c - 6. Let k = -6 + t. What are the prime factors of k?
3
Let d = 33 - 46. Let f(j) = -j**2 + 9*j - 2. Let x be f(9). Let p = x - d. What are the prime factors of p?
11
Let z = -700 - -1021. What are the prime factors of z?
3, 107
Suppose 5*g + 173 = 4*o - 3, -44 = -o + 2*g. List the prime factors of o.
2, 11
Suppose -2*u = 2*k + u - 19, u + 7 = 2*k. Suppose 7*m = k*m + 26. List the prime factors of m.
13
Suppose -4*f + 480 = -4*s, 5*f - 71 - 529 = -s. What are the prime factors of f?
2, 3, 5
Let j(c) = c**3 - 11*c**2 - 12*c - 1. Let u be j(12). What are the prime factors of -3*(-3 - u - 15)?
3, 17
Let l be 3/12 + 6/8. Let j be 1*(l + 1 - -2). Suppose -4*k + 25 = 5*t, j*t - 28 = -k - 3*k. List the prime factors of k.
2, 5
Let g(h) = -2*h - 4. Let r(d) = d + 2. Let v be r(-6). List the prime factors of g(v).
2
Suppose 4*z + 16 = 8*z. Suppose 0 = -z*g + 2*t + 22, 0*g = 2*g + t - 5. Suppose -4*k = -52 + g. What are the prime factors of k?
2, 3
Suppose -354 - 86 = -4*f. List the prime factors of f.
2, 5, 11
Let r(d) = -d + 13. Let c be r(0). Suppose -5*l - 4*y + 4 = 0, y - c = -5*l + 3. Suppose -i - 10 = -l*n, -5*n = -3*i - 1 - 1. What are the prime factors of i?
2, 3
Let c = 8 - 5. Let a = 18 - c. What are the prime factors of a?
3, 5
Suppose -2*f - 3*l + 23 = 0, -24 = -f + 2*l - 2. List the prime factors of f + 0 + 1 + -1.
2
Let o = -5 + 27. Suppose 2*n = 32 + o. What are the prime factors of n?
3
Let n(k) = 11*k**3 - 3*k + 2. Let f be n(2). Suppose -3*a = 3*r - 5*r - 88, -f = -4*a - 4*r. List the prime factors of a.
2, 13
Let a(k) be the third derivative of -k**5/60 + 25*k**3/6 + 4*k**2. List the prime factors of a(0).
5
Let z = -48 - -98. List the prime factors of z.
2, 5
Suppose j - 66 - 10 = 0. List the prime factors of j.
2, 19
Let t(b) be the second derivative of -b**4/12 - 13*b**3/6 + 6*b. List the prime factors of t(-11).
2, 11
Let g be 22/4*(-8)/4. Let d = -3 - g. List the prime factors of d.
2
Suppose -2*w + 0*w + 6 = 0, 2*t + w - 5 = 0. Let o = 3 - t. List the prime factors of o.
2
Suppose r = -1 + 6. Suppose -11 = -2*y + r. What are the prime factors of y?
2
Let m = 7 + -5. Let l be (-3 - (-1 - 2))/(-2). Suppose m*d - 8 - 16 = l. List the prime factors of d.
2, 3
Let c(j) be the third derivative of -j**4/24 + j**3/6 + 8*j**2. Let m be ((-14)/6)/(1/3). What are the prime factors of c(m)?
2
Suppose 0 = 3*t - t. Suppose -4*p + 31 - 7 = t. What are the prime factors of p?
2, 3
Suppose -2*p = -12 + 2. Suppose q + 3 = p. Suppose -50 = -3*m - q*m. What are the prime factors of m?
2, 5
Suppose 32 = 5*t - 73. Suppose 4*l - t - 35 = 0. List the prime factors of l.
2, 7
Let a be (-22)/(-5) + (-4)/10. Suppose a*d - 156 = -36. Suppose -7*t + 2*t = -d. List the prime factors of t.
2, 3
Let t = 33 - 36. Let j = 15 + -9. Let k = j + t. List the prime factors of k.
3
Suppose 2*b + 3*c = -2*c + 280, 5*b - 5*c - 665 = 0. List the prime factors of b.
3, 5
Suppose -2*f + 4*f = -4*u + 98, 4*u - 73 = 3*f. List the prime factors of u.
2, 11
Let y = 11 + -7. Suppose -f = y*f - 20. Let u(s) = s**3 - 3*s**2 - s - 5. What are the prime factors of u(f)?
7
Suppose 2*y - 2*n - 70 = -4*n, -175 = -5*y - 3*n. List the prime factors of y.
5, 7
Let l(g) = 3*g**2 + 6*g - 8. Let r be l(-8). Suppose 0*m = -4*m + r. What are the prime factors of m?
2, 17
Suppose -11*x + 9*x = -166. List the prime factors of x.
83
Let o(n) = -19*n - 19. What are the prime factors of o(-7)?
2, 3, 19
Let v(c) = -c**3 - 7*c**2 - 6*c + 4. Let l be v(-6). Let p(t) = t**2 - 8*t + 3. Let z be p(7). Let g = l - z. What are the prime factors of g?
2
Let x(u) = -u**3 + 3*u**2 + 4*u + 4. Let m be x(4). Suppose 9 = 2*v + 3*i, v + m*i = -0*v + 7. What are the prime factors of (-322)/(-21) + (-1)/v?
3, 5
Suppose 3 = g - 2. Suppose -2*x - g - 5 = 0. List the prime factors of 2/x + (-74)/(-10).
7
Let y = -40 - -19. Let b be 12*(-4)/(-32)*26. Let f = y + b. List the prime factors of f.
2, 3
Let s = 3 - 1. Suppose f = -s*f + 12. Suppose 2*r + 3*r = f*m - 31, 5*r - 23 = -2*m. List the prime factors of m.
3
Let i be 0/(-4 - -5) - -4. Let x(w) = 5*w + 5. What are the prime factors of x(i)?
5
Let x(r) = r**3 - 3*r**2 - 4*r - 3. Suppose -4*n - 11 = -7*n + v, -4*n - v + 17 = 0. Let z be x(n). What are the prime factors of (z/1)/(-3) - -3?
2
Let o = -10 - -13. Suppose 6*t - 30 = -4*z + o*t, -4 = z - 5*t. List the prime factors of z.
2, 3
List the prime factors of (-2)/(-1) - -16*(5 + -3).
2, 17
Let l = 0 - 11. Suppose 5 = s - 15. Let o = s + l. What are the prime factors of o?
3
Let u = 19 - 14. Suppose y = -u*y + 132. List the prime factors of y.
2, 11
Let h(p) = p**3 - p**2 + p. Let d be h(0). Suppose -3*q - q = d. Suppose -m - f = -2*m + 3, 2*m + f - 3 = q. List the prime factors of m.
2
Let j = -26 - -26. Suppose j*o = o - 4. List the prime factors of o.
2
Let q = 7 - 4. What are the prime factors of 1 + (-1 + q)*12?
5
Suppose -28*m + 24*m + 356 = 0. List the prime factors of m.
89
Let i be (-2)/(-8) + 19/4. Let t(b) = -b**3 + 5*b**2 + 2*b - 1. List the prime factors of t(i).
3
Let m = 0 - -9. Suppose -2*o - o + m = 0. Let a = o - -8. List the prime factors of a.
11
Let m be 2 - (-5)/((-10)/4). Suppose m = -w - 4*w + 15. List the prime factors of (2/(-3))/(w/(-36)).
2
Let x = 115 + -80. What are the prime factors of x?
5, 7
Let p be (-3)/(0 + 3)*95. Let i be p/5 + 0 + 3. List the prime factors of i/((0 - 2)*1).
2
Let x(u) = -u**2 + 7*u + 4. Let h be x(8). Let r = 16 + h. Suppose r = 4*y - 32. List the prime factors of y.
11
Let q(y) = 3*y**2 - 6*y - 3. Let j(s) = 10*s**2 - 19*s - 9. Let d(h) = -2*j(h) + 7*q(h). What are the prime factors of d(6)?
3
Let l = 39 + -22. List the prime factors of l.
17
Suppose 2*y = -2*w - 8, -4*w + 6*y - 2*y = -16. Let t(f) = 2 - 4 + f + w. List the prime factors of t(4).
2
Let m(j) be the first derivative of 11*j**3/3 + j**2/2 - 1. What are the prime factors of m(1)?
2, 3
Let p(x) = 6*x + 3. Let l be p(3). Let y be 4/(-14) - (-69)/l. Suppose -4*o + 6 = -y*o. What are the prime factors of o?
2, 3
Suppose -4*l + 561 = -l + 3*x, -x = -4*l + 738. What are the prime factors of l?
5, 37
Let l(n) = -5*n + 3. Let h be l(-9). Let p = 81 - h. List the prime factors of p.
3, 11
Let l = 85 + -58. What are the prime factors of l?
3
Suppose -4*f = -11*f + 1064. List the prime factors of f.
2, 19
Let s = 135 + -5. List the prime factors of s.
2, 5, 13
Let s(h) = -2*h - 7. Suppose -2*k - 6 = -k. Let a be s(k). Let n(y) = 2*y + 2. What are the prime factors of n(a)?
2, 3
Let t(r) = 2*r**2 + 3*r + 1. Let m be t(-2). Suppose 0 = -2*p + 5*k - 5, 5*p = -2*k - 1 + 3. Suppose -m*d + 33 = -p*d. List the prime factors of d.
11
Let d(z) = -z + 8. Let a be d(0). Suppose 3*p - a + 2 = 0. What are the prime factors of 11 - (-2)/(p/(-2))?
3
Let k(x) = x**2 - 3*x + 2. Let s be k(3). Suppose 0*d = -s*d + 60. What are the prime factors of d?
2, 3, 5
Suppose u + 4*w - 19 = 0, 0 = u - 2*w + 7*w - 15. What are the prime factors of u?
5, 7
Suppose -102 = 6*n - 3*n. Let u = -16 - n. Suppose -3*d = -5*l + 45, 0 = 2*l + 7*d - 2*d - u. List the prime factors of l.
3
Suppose -2*w + 3